+ 2. What is u(i)?
-15
Let w(d) = 5*d - 5. Let z(l) = l + 1. Suppose -16 = -2*t + 6*t. Let k(n) = t*z(n) + w(n). Let b(f) = -f**3 - 7*f**2 - 11*f - 2. Let x be b(-2). Determine k(x).
-9
Let z(r) be the first derivative of 10*r**3/3 - 5*r**2/2 - 12*r + 8745. Give z(-2).
38
Let x = -1365/2 - -684. Let b(h) be the first derivative of 2*h + 20 - x*h**2. Determine b(-2).
8
Let b(v) = -8*v**3 + 97*v**2 - 13*v + 17. Let t be b(12). Let q(g) = 4*g**2 - 22*g + 12. Determine q(t).
2
Let v(o) = o**3 - 3*o**2 + 17*o - 22. Let c(b) = -b**3 + 2*b**2 - 18*b + 27. Let h(n) = 5*c(n) + 6*v(n). Calculate h(3).
-6
Let k(d) be the third derivative of d**6/120 - d**5/12 + 5*d**4/24 + d**3/3 + d**2. Let j(r) = 4*r**2 + 1233*r - 11416. Let h be j(9). Determine k(h).
27
Let a(k) = 20*k + 8. Let p(h) = -h**2 + 45*h - 122. Let m be p(3). Calculate a(m).
88
Let z(r) = -5*r + 17. Let x be z(-4). Suppose 4*v + 0*v = -s - 125, 2*s - 166 = 5*v. Let j = v + x. Let a(n) = -n**2 + 6*n - 7. Give a(j).
-2
Let k(h) be the third derivative of 2*h**4/3 + 95*h**3/3 + 17*h**2 - h. Let m be k(-12). Let s(u) = -6*u - 6. Give s(m).
6
Suppose 0 = 5*i + 62 - 2. Let k = i + 15. Let o(z) = z**k - 10 + 16*z**2 - 14*z**2 - 10*z**2 + 8*z. Calculate o(7).
-3
Let t(n) = n**2 - 2*n**2 - n**2 - 68 + 3*n**2 + 0*n**2 + 10*n. Let m be t(5). Let r(l) = -l**3 + 5*l**2 + 10*l - 4. Give r(m).
-32
Let k(m) = m**3 + 13*m**2 + 10*m - 17. Let s be ((-10)/2 + -42)/(3/12). Let o = 176 + s. What is k(o)?
7
Let t(w) = 19*w - 100*w**2 - 105*w**2 + 407*w**2 + 50 - 101*w**2 - 100*w**2. Calculate t(-13).
-28
Let b be (-10)/16*(16 + -32). Let r(i) = i - 14. Determine r(b).
-4
Let j(y) = 20791*y + 17 - 20792*y + y**3 - 2*y**2 - 22. Determine j(0).
-5
Let o(b) = -14*b - 39. Let c(n) = 3*n + 7. Let g(p) = 11*c(p) + 2*o(p). What is g(1)?
4
Let z(a) = -3*a**2 - 3*a - 3. Let u(f) = -13*f + 14. Let x be u(3). Let g be ((-28)/35*1)/(2/x). Let l be 1/(-2) + (g/4 - 4). Calculate z(l).
-9
Let w(v) = v**2 - 6*v + 1. Let i(s) = s**2 - 3*s - 4. Suppose 0 = -5*t + 2*a - 2, -5*a - 12 - 4 = -2*t. Let h be i(t). Determine w(h).
1
Let s(m) = m**2 - 4*m - 2. Suppose 6*a - 1124 - 700 = 0. Let w = -151 + a. Suppose 157*y = w*y + 20. Calculate s(y).
3
Suppose -44*z = -102 - 30. Let r be 7/(z - (0 - -2)). Let y(p) = p**3 - 8*p**2 + 5*p + 8. What is y(r)?
-6
Let i(w) = -161*w - 17. Let a(c) = 192*c + 16. Let t(o) = -5*a(o) - 6*i(o). What is t(13)?
100
Suppose 5*p = 30, -10*n = -5*n - 2*p + 2. Let v(j) be the second derivative of 0 + j**n + j**3 - 16*j - 1/12*j**4. Determine v(6).
2
Let d = -4 - -4. Let p be (d + -7)*(1 - 0). Let h(u) = 17*u**2 + 7 - 28 + u**3 + 7*u + 11 - 9*u**2. Give h(p).
-10
Let p(k) = 224*k - 143*k**2 - 22 - 229*k + 149*k**2. Calculate p(-3).
47
Let s be (87/12)/((-4)/(-32)). Suppose -113 + 11 = -2*p - 2*f, 0 = 4*p - f - 209. Let n = p - s. Let q(x) = -x**3 - 7*x**2 - 9*x - 9. Give q(n).
9
Let y(k) = 4*k - 1. Let z(w) = -4*w. Let g(c) = -3*y(c) - 4*z(c). Suppose 15 = -21*d + 26*d. Give g(d).
15
Suppose -290*x + 289*x - 8 = -2. Let a(i) = -i**2 - 6*i + 16. Calculate a(x).
16
Let y(t) = 3*t**2 + 4 - 2*t**3 + 12 + 28 - 40. Determine y(3).
-23
Suppose 5*c - 6*j + 4*j = 45, -3*j - 15 = 0. Let z(p) = 0*p**2 - c*p + 2*p**2 + 12 - 3*p**2 + 11*p - 9. Suppose -w = 3*u - 17, 0 + 13 = u + 4*w. Determine z(u).
-2
Let y(u) = u**3 - 11*u**2 + 5*u - 20. Suppose 94*t - 57 = -5*g + 96*t, 2*t - 20 = -2*g. What is y(g)?
35
Let j(b) = b**2 + 3*b - 20. Let u be j(-6). Let q(r) be the third derivative of 13*r**2 - 1/6*r**3 + 0 + 1/12*r**4 + 0*r + 1/60*r**5. Give q(u).
-1
Let o(b) = 13*b + 9*b - 274 - b**2 + 239 - 8*b. Calculate o(11).
-2
Let u(h) = 2*h**2 + 20*h + 56. Let p be u(-3). Let c(b) = -21*b + 2 + p*b - 2*b**2 + b**2. What is c(-10)?
-28
Suppose -24 = 2*d - 2*i, -19 = 2*d - 12*i + 11*i. Let x(m) = 313*m - m**3 - 313*m - 7*m**2 - 9. Give x(d).
-9
Suppose x = 5, -3*x - 10 = -i - 36. Let c(y) = -y**3 - 12*y**2 - 12*y - 17. Give c(i).
-6
Let i be 3/(-4)*6*(36 + (-80 - -46)). Let p(c) be the first derivative of c**3/3 + 5*c**2 - 4*c + 3. Determine p(i).
-13
Let g(k) = k**3 + 7*k**2 + 5*k - 2. Suppose b + 41*j - 29 = 38*j, -5*b + 2*j + 162 = 0. Let v be ((-22)/(-3))/(-1)*-6. Suppose b - v = 2*a. Determine g(a).
4
Let i(w) be the second derivative of w**4/12 + 4*w**3 - 11*w**2/2 - 5234*w - 1. Calculate i(-21).
-74
Let x(r) = -r. Let j = 45 + -30. Let c be -1 + (-78)/j + (-2)/(-10). Give x(c).
6
Let z(b) = -228*b + 220. Let m be z(1). Let n(a) = 4*a**2 + 39*a + 11. Determine n(m).
-45
Let z(n) = n**2 - 4*n - 7. Let j(d) = d**2 + 9*d + 5. Let w be j(-9). Let h(a) = 4*a**2 - 29 - 4*a - w*a - 7*a. Let p(l) = -2*h(l) + 9*z(l). Give p(5).
0
Let q(m) = 127*m + 4. Let b(v) = -v**2 - 633*v - 3141. Let o be b(-5). What is q(o)?
-123
Let g(y) = 3*y**2 - 109*y - 6. Let x(u) = 2*u**2 - 63*u - 3. Let b(t) = -3*g(t) + 5*x(t). Give b(-12).
3
Let n = 4 + -7. Let z(d) be the second derivative of 2/3*d**3 + 0 - 243*d + 2*d**2. What is z(n)?
-8
Let y(f) = 182 - 368 + 185. Let k(p) = 2*p + 10. Let h(j) = k(j) + 12*y(j). Calculate h(6).
10
Suppose 3*z + 133 = -2*x, 3*x = -2*z + 2*x - 90. Let i = 50 + z. Suppose 5 = -i*m - b - 13, m - 5*b - 10 = 0. Let p(q) = -q**2 - 5*q - 2. Calculate p(m).
-2
Let r(q) = -q**3 + 21*q**2 - 37*q - 21. Let v be r(19). Let d(p) = -10*p**3 - 19*p**2 - 3*p - 2. Calculate d(v).
8
Let z(r) = -92*r + r**2 - 98*r + 195*r + 4. Let j be 200/(-60)*(1 - (-1)/5). What is z(j)?
0
Let s(t) = t + 5. Suppose r + 13 = -o, -5*o + 2*r - 49 - 51 = 0. Let n = -15 - o. Suppose -13 = -n*k + 2. Give s(k).
10
Let k(z) be the third derivative of 13*z**5/20 - z**4/6 - z**3/3 + 2855*z**2. Determine k(-1).
41
Suppose 0 = -1700*w + 1725*w - 225. Let z(i) = -i + 39. Give z(w).
30
Suppose -2*d = -26 + 6. Let n = 121 - 120. Let g(m) = -n - d + 9 - m. Give g(2).
-4
Let n(x) = -x**3 - 8*x**2 - 7*x + 4. Let u(w) = 8*w - 37. Let d(o) = -9*o + 38. Let i(v) = -5*d(v) - 6*u(v). Let b be i(13). Give n(b).
4
Let g(i) = 8*i**2 - 50*i - 32. Let b(p) = 3*p**2 - 17*p - 11. Let y(t) = 11*b(t) - 4*g(t). Let r be (-5076)/517 + 144/(-66). Give y(r).
-5
Suppose -4*l - 5 = y + 2*y, 3*y + 2*l + 7 = 0. Let h = y + -6. Let b(j) = j**3 + 9*j**2 + j + 10. Determine b(h).
1
Suppose -33*l = -43*l + 29*l - 114. Let b(w) be the second derivative of -2*w - 7/12*w**4 + 1/20*w**5 + w**3 + 1/2*w**2 + 0. Give b(l).
1
Let w(z) be the first derivative of -4 - 4*z + 2*z**2 + 18 - 37. Let p be (12/(-16))/(2/(-8)). Give w(p).
8
Let j be ((-16)/6)/4 - (12 - 328/24). Let k(l) = -4*l**3 - l**2 - 5*l + 5. Determine k(j).
-5
Let t(n) = 0*n + 3*n - n - 1. Suppose 8*k + 82 = 5*c + 116, 2*k = 3*c + 26. Determine t(k).
-5
Let y(s) be the third derivative of s**5/20 - s**4/6 + s**3/6 - 149*s**2. Let n(p) = 5*p**2 - 5*p + 1. Let l(u) = -3*n(u) + 4*y(u). Calculate l(1).
-3
Let i(t) = -13*t**3 + 25*t**2 + 47*t - 9. Let r(h) = -21*h**3 + 37*h**2 + 71*h - 12. Let g(j) = -8*i(j) + 5*r(j). Calculate g(-13).
-53
Let r(s) = -4*s**2 + 28*s + 39. Let a(n) = 5*n**2 - 38*n - 52. Let l(x) = 7*a(x) + 9*r(x). What is l(-11)?
20
Let f = -222 - -224. Let o(b) = 3*b**2 - 4*b**2 - b**2 + 8 + 6*b + 0*b**f. Give o(6).
-28
Let p(z) = -z**2 + 11*z - 10. Let g(t) = t**2 + 32*t - 38. Let f be g(-36). Suppose f*l = 110*l - 44. Calculate p(l).
-10
Let j(m) be the second derivative of 2*m**2 - 10 + 1/12*m**4 - m**3 - 3*m. Determine j(5).
-1
Suppose 0 = -w + 4*w + 12. Let j(n) be the second derivative of -n**3/6 + n**2/2 + 56*n. Let t(b) = 6*b - 7. Let d(u) = -4*j(u) - t(u). Calculate d(w).
11
Let l(o) = -2*o + 61 + 64 + 11*o - o**2 + 0*o**2 - 132. Let z = -22 - -34. Suppose -b + 1 = 2, -c + 5*b + z = 0. Calculate l(c).
7
Let s(i) be the third derivative of i**5/30 - 5*i**4/24 + 5*i**3/6 - i**2 - 384. Calculate s(3).
8
Let h(q) = -5*q**3 - 3*q**2 - 8*q + q**2 + 10*q**3 - 8*q. Let p(y) = -3*y**3 + y**2 + 10*y. Let u(o) = 5*h(o) + 8*p(o). What is u(2)?
0
Suppose 3*g = 12 - 33. Let a(d) = 12*d**2 + 9*d + 101 - 11*d**2 + 92 - 186. Give a(g).
-7
Suppose -3*o = u + 324 - 37, -4*o - 376 = -2*u. Let z = o + 181. Let a = z - 91. Let m(l) = l**2 + 6*l + 4. Determine m(a).
-1
Let a = -437 - -436. Let d be 4 - ((-3 - -8) + 7 + a). Let u(s) = s**3 + 7*s**2 - s - 6. Calculate u(d).
1
Let r(t) = t**3 - 3*t**2 + 4. Let f = -38 - -54. Suppose 20*i = f*i 